)*32/(-5). Let s(a) = -2*a**2 + 13*a + 2. Let j be s(17). Let k = -67 - j. Calculate the highest common divisor of b and k.
32
Suppose 0 = -l - 1 + 4. Suppose -3*j = l*j - 60. What is the greatest common divisor of j and 40?
10
Let y = 4 + 3. Suppose 0 = y*r - 3*r - 4. What is the greatest common divisor of 8 and r?
1
Suppose 0 = -39*d + 54*d - 390. Calculate the greatest common factor of d and 65.
13
Suppose s + 616 = 8*s. Suppose 8*y = 4*y + s. What is the highest common factor of 242 and y?
22
Suppose 0 = -f + 5 - 9. Let w be (f/5)/(18/(-135)). Calculate the highest common factor of w and 66.
6
Suppose -4*i + 0*i + 8 = 0. Suppose -i*l + 3*l - 2 = 0. Suppose 3*o = 3*j + 231, -l*j - 8 - 2 = 0. What is the greatest common divisor of 24 and o?
24
Let d(v) = v**3 + v**2 + v - 6. Let t be d(0). Suppose 5*b - 64 = -4*j - 24, -4*j - 40 = -5*b. Let k = b + t. Calculate the greatest common factor of 5 and k.
1
Let w = -797 - -953. Calculate the highest common divisor of 858 and w.
78
Let g(i) = 9*i + 50. Let s be g(6). What is the highest common factor of s and 572?
52
Let h = -68 + 164. Suppose 0 = -4*v - 4*y + h, -27 = -v - 2*y - 0. Let k be (-60)/(-6) + (52 - -1). Calculate the greatest common factor of k and v.
21
Suppose 14*s - 321 - 155 = 0. What is the greatest common divisor of s and 850?
34
Let r = 413 + -293. Calculate the highest common factor of 60 and r.
60
Let s be ((-3)/(-1))/(6/(-8)). Let d be 8/(-12)*750/s. Suppose 0 = -i + 2*t + 40, -5*i + 0*t - 4*t + 270 = 0. What is the highest common factor of d and i?
25
Let n = 4 - 4. Suppose n = -u - u + 216. Calculate the highest common factor of u and 12.
12
Suppose -59*c + 57*c = -132. Suppose -4*n + 2*s + 114 = 0, 2*s - 6*s - c = -2*n. What is the highest common divisor of 18 and n?
9
Suppose 0 = 9*g + 7*g - 2880. Suppose -4*i = -5*d - 67, -d - 35 = -2*i - 0*d. What is the highest common divisor of i and g?
18
Suppose -3*a + 356 = 106*n - 108*n, 0 = -4*a + 5*n + 463. Calculate the greatest common factor of a and 1769.
61
Suppose 4*f = 7 + 1. Let w = 4 - f. Suppose 0 = -t + s + 8, -4*t = w*s + 1 - 3. Calculate the greatest common factor of t and 15.
3
Let r = -569 - -614. Calculate the highest common factor of 60 and r.
15
Suppose h - 5*t - 72 = 0, 0 = -h - h + 2*t + 176. What is the greatest common divisor of 230 and h?
46
Let k = -244 - -358. Suppose j - 5*i - 33 = 0, -2*i = -2*j + i + 31. Let w = 27 - j. What is the highest common divisor of k and w?
19
Suppose -z - 2*z + 8 = -4*n, -5*n - 10 = -z. Suppose 5*c = -z*c + 3*b + 65, -2*c = 3*b - 26. Calculate the greatest common divisor of c and 143.
13
Suppose -27*l - 416 = -2*i - 23*l, 4*i = 3*l + 837. What is the highest common divisor of i and 10?
10
Suppose -2*k = 21*g - 20*g - 223, 2*g - 449 = -k. What is the highest common factor of g and 105?
15
Suppose -4*f = 5*s + 5, 2*f - 2 = s + s. Suppose -b - m + 3*m = -22, f = -b - 2*m + 38. What is the greatest common divisor of b and 330?
30
Let y be -33*2*(-1)/6. Let d be (-27)/6*1*90. Let f be 3/(-4) + d/(-12). What is the highest common divisor of y and f?
11
Let x(q) = -12*q**2 - 24*q + 8. Let h(v) = 3*v**2 + 6*v - 2. Let c(r) = 9*h(r) + 2*x(r). Let z be c(-6). What is the greatest common factor of z and 10?
10
Let u(i) = 2*i**2 - 7*i - 35. Let x be u(9). Let v = 82 - 50. What is the greatest common factor of x and v?
32
Let u be (-7 - -1) + 0 - -14. Calculate the greatest common factor of 88 and u.
8
Let a be (-20)/110 + 4866/22. What is the greatest common divisor of 85 and a?
17
Suppose h + h - 123 = 3*r, -2*r - 64 = -h. What is the greatest common factor of 2 and h?
2
Let f(r) = 2*r**3 - r**2 - r - 1. Let t = 19 - 17. Let y be f(t). What is the highest common factor of y and 6?
3
Let p = 63 - 37. Suppose -5*v - p - 22 = -3*a, a = -5*v + 36. Let w be a/(-4)*(-72)/27. What is the highest common factor of w and 21?
7
Let w(q) = 2*q**2 - 3*q + 5. Let s be w(-5). Let x be ((-63)/(-6))/(5/50). What is the highest common factor of s and x?
35
Let g(d) = d**2 - 9*d + 9. Let a be g(8). What is the highest common factor of a and 8?
1
Let y be (156/36)/((-2)/(-6)). Let q = 22 - y. Suppose 0 = 8*g - 7*g - q. Calculate the highest common divisor of g and 72.
9
Suppose 3*w + 46 = w. Let t = -48 - -35. Let o = t - w. What is the highest common divisor of o and 100?
10
Suppose 0*l + 1235 = 13*l. Calculate the highest common factor of l and 399.
19
Let o = 778 + -759. What is the greatest common divisor of 2 and o?
1
Suppose 173 = 4*f + 25. Let z = 66 - f. What is the highest common divisor of z and 29?
29
Suppose -12*s = -16*s - 120. Let o be (-2)/10 + -3 + (-576)/s. What is the highest common divisor of 4 and o?
4
Let z be (-72 - -71)/(-1*2/130). Suppose 0 = 2*w - 7 - 1. Let f be -4*w/((-16)/26). What is the highest common factor of z and f?
13
Let n be 1274/(-10) + 69/(-115). Let z = -52 - n. Calculate the greatest common factor of 19 and z.
19
Suppose 4*p + 48 = 20*p. Suppose 0*m - 3*m + 9 = 0. Suppose 4*i = 0, -2*b - 2*b + 36 = m*i. Calculate the greatest common factor of p and b.
3
Let x(w) = w**2 - 72*w + 632. Let j be x(10). Let k = -240 + 444. Calculate the highest common factor of k and j.
12
Suppose -3*k = 3*s - 147, 36 = 2*k - 4*s - 50. What is the highest common factor of k and 376?
47
Let a(z) = 3*z**2 - z + 2. Suppose 0 = -4*m + 20 + 12. Let v = m + -7. Let r be a(v). What is the highest common factor of r and 28?
4
Suppose 5*t - 3*j - 307 = 0, -2*t + 187 = t + j. Suppose -w = -3*q + t, 51 = 4*q + 5*w - 19. What is the highest common divisor of 20 and q?
20
Let q = 18 - 15. Let y be ((-1)/3)/(q/(-36)). Suppose 2*s - z = 4, -28 = -3*s - s - 3*z. What is the greatest common divisor of y and s?
4
Let y be ((-11)/44)/(2/408*-1). Let i = 2 - 3. Let k be (i - 2)/((-6)/68). What is the highest common divisor of k and y?
17
Let x(a) be the first derivative of a**4/4 - 2*a**3 + a**2/2 + 14*a + 20. Let z be x(6). Calculate the highest common factor of z and 220.
20
Suppose v - u = -4*v + 30, 4*v - 35 = 3*u. Suppose v*r - 5*j + 0*j = 15, 27 = 4*r + j. Suppose -4*p - 8 = -r*p. What is the greatest common factor of p and 6?
2
Let s = -57 - -67. What is the highest common divisor of 45 and s?
5
Let k = 8 + -4. Let s be 6*4 - (-1 + k). Calculate the highest common divisor of s and 21.
21
Let w be (-6)/(-18) - 1614/(-18). Calculate the highest common divisor of w and 855.
45
Suppose 4*h = -8*h + 9840. What is the greatest common divisor of 20 and h?
20
Suppose -5*x = -15, 2*g = 2*x - 0 + 158. Let n = g + -75. Calculate the greatest common divisor of 91 and n.
7
Suppose 977 - 221 = 3*w. What is the highest common divisor of 56 and w?
28
Suppose 2*f + 2*g - 60 = 0, 4*f - 3*g = -g + 120. Suppose 5*q - 165 = -f. What is the greatest common factor of q and 3?
3
Let j = 0 + 4. Let x be (18/10 - 1)/((-46)/(-115)). Suppose j*r - 17 = -3*v, 1 - 5 = -x*v + r. What is the greatest common factor of 27 and v?
3
Let s = 36 - 17. Suppose 0 = 4*k - k - 513. What is the greatest common divisor of k and s?
19
Let f be (0 - 2)/(7/(-7)). Suppose -f*h + 5*h - 66 = 0. Calculate the highest common factor of h and 55.
11
Suppose -522 - 402 = -22*w. What is the greatest common factor of w and 9?
3
Let k(j) = -j**3 + j**2 + 1. Let i be k(1). Let p be 3*i/3*-2. Let h be 12/(-8)*p + 10. Calculate the greatest common factor of h and 143.
13
Suppose -6*h - 21 = -3*h. Let n be 9*4/(-6)*h. What is the greatest common divisor of 14 and n?
14
Let n(x) be the first derivative of x**4/4 + 11*x**3/3 + 5*x**2 + 13*x + 4. Let d be n(-10). What is the greatest common divisor of d and 91?
13
Let b(o) = 3*o**2 - o - 6. Let d be 7 + 12/4 + -5. Let y be b(d). What is the highest common factor of 16 and y?
16
Let f be (-75)/35 + (-1)/(-7) - -8. Calculate the greatest common factor of f and 60.
6
Let l(p) = -5*p + 4*p + 7*p**2 - 8 - 2*p**3 - 6*p. Let w be l(6). Let b = w + 472. Calculate the highest common divisor of b and 22.
22
Suppose 2*r + r = 3*f + 6, 4*r + 2*f - 14 = 0. Let j(d) = -20*d + 7. Let l be j(r). Let m = -20 - l. What is the greatest common factor of m and 3?
3
Let t be 12 + (40/(-4) - -4). What is the greatest common divisor of t and 150?
6
Let a(f) = 3*f + 2. Let c be a(8). Let q(p) = 3*p**2 + 13*p - 4. Let l be q(-6). What 